{"id":290,"date":"2024-03-15T10:14:03","date_gmt":"2024-03-15T09:14:03","guid":{"rendered":"http:\/\/grakon.com.pl\/web\/grakon\/?page_id=290"},"modified":"2024-03-15T11:38:42","modified_gmt":"2024-03-15T10:38:42","slug":"o-nas","status":"publish","type":"page","link":"http:\/\/grakon.com.pl\/web\/grakon\/o-nas\/","title":{"rendered":"O nas"},"content":{"rendered":"<p>[et_pb_section fb_built=&#8221;1&#8243; module_class=&#8221;gk_ksiegowosc&#8221; _builder_version=&#8221;4.24.1&#8243; _module_preset=&#8221;default&#8221; background_color=&#8221;rgba(0,0,0,0.3)&#8221; background_image=&#8221;http:\/\/grakon.com.pl\/web\/grakon\/wp-content\/uploads\/2024\/03\/Group-2717-1.png&#8221; background_blend=&#8221;overlay&#8221; min_height=&#8221;943px&#8221; min_height_tablet=&#8221;943px&#8221; min_height_phone=&#8221;943px&#8221; min_height_last_edited=&#8221;on|desktop&#8221; locked=&#8221;off&#8221; global_colors_info=&#8221;{}&#8221;][et_pb_row _builder_version=&#8221;4.24.1&#8243; _module_preset=&#8221;default&#8221; custom_margin=&#8221;||||false|true&#8221; global_colors_info=&#8221;{}&#8221;][et_pb_column type=&#8221;4_4&#8243; _builder_version=&#8221;4.24.1&#8243; _module_preset=&#8221;default&#8221; global_colors_info=&#8221;{}&#8221;][et_pb_text _builder_version=&#8221;4.24.1&#8243; _module_preset=&#8221;default&#8221; header_font=&#8221;|700|||||||&#8221; header_text_color=&#8221;#FFFFFF&#8221; header_font_size=&#8221;70px&#8221; global_colors_info=&#8221;{}&#8221;]<\/p>\n<h1>O nas<br \/>\n20 lat do\u015bwiadczenia<\/h1>\n<p>[\/et_pb_text][et_pb_button button_url=&#8221;#wiecej&#8221; button_text=&#8221;wi\u0119cej&#8221; _builder_version=&#8221;4.24.1&#8243; _module_preset=&#8221;default&#8221; custom_button=&#8221;on&#8221; button_text_color=&#8221;#ffffff&#8221; button_bg_color=&#8221;#87c22b&#8221; button_border_width=&#8221;2px&#8221; button_border_color=&#8221;#87c22b&#8221; button_letter_spacing=&#8221;0px&#8221; button_font=&#8221;Lexend|600||on|||||&#8221; button_use_icon=&#8221;off&#8221; custom_padding=&#8221;20px|60px|20px|60px|false|false&#8221; custom_css_main_element=&#8221;max-width: 250px;||text-align: center;&#8221; global_colors_info=&#8221;{}&#8221; button_bg_color__hover_enabled=&#8221;on|hover&#8221; button_letter_spacing__hover_enabled=&#8221;on|desktop&#8221; button_bg_color__hover=&#8221;#ffffff&#8221; button_bg_enable_color__hover=&#8221;on&#8221; button_border_color__hover_enabled=&#8221;on|hover&#8221; button_border_radius__hover_enabled=&#8221;on|desktop&#8221; button_border_radius__hover=&#8221;50px&#8221; button_letter_spacing__hover=&#8221;0px&#8221; button_text_color__hover_enabled=&#8221;on|desktop&#8221; button_border_color__hover=&#8221;#87c22b&#8221; button_text_color__hover=&#8221;#87c22b&#8221;][\/et_pb_button][\/et_pb_column][\/et_pb_row][\/et_pb_section][et_pb_section fb_built=&#8221;1&#8243; _builder_version=&#8221;4.24.1&#8243; _module_preset=&#8221;default&#8221; locked=&#8221;off&#8221; global_colors_info=&#8221;{}&#8221;][et_pb_row _builder_version=&#8221;4.24.1&#8243; _module_preset=&#8221;default&#8221; global_colors_info=&#8221;{}&#8221;][et_pb_column type=&#8221;4_4&#8243; _builder_version=&#8221;4.24.1&#8243; _module_preset=&#8221;default&#8221; global_colors_info=&#8221;{}&#8221;][et_pb_text _builder_version=&#8221;4.24.1&#8243; _module_preset=&#8221;default&#8221; text_text_color=&#8221;#150035&#8243; text_font_size=&#8221;24px&#8221; text_line_height=&#8221;30px&#8221; header_2_font=&#8221;|||on|||||&#8221; header_2_font_size=&#8221;32px&#8221; text_orientation=&#8221;center&#8221; max_width=&#8221;945px&#8221; module_alignment=&#8221;center&#8221; global_colors_info=&#8221;{}&#8221;]<\/p>\n<h2>O nas<\/h2>\n<p>&nbsp;<\/p>\n<p>Specjalizujemy si\u0119 w ksi\u0119gowo\u015bci, podatkach, kadrach i p\u0142acach. Wspieramy przedsi\u0119biorstwa poprzez us\u0142ugi rachunkowe i ksi\u0119gowe oraz kompleksow\u0105 obs\u0142ug\u0105 kadr i p\u0142ac. Dajemy wsparcie nowym firmom w stawianiu pierwszych krok\u00f3w w biznesie.<\/p>\n<p>[\/et_pb_text][\/et_pb_column][\/et_pb_row][et_pb_row column_structure=&#8221;1_2,1_2&#8243; make_equal=&#8221;on&#8221; _builder_version=&#8221;4.24.1&#8243; _module_preset=&#8221;default&#8221; max_width=&#8221;1200px&#8221; global_colors_info=&#8221;{}&#8221;][et_pb_column type=&#8221;1_2&#8243; _builder_version=&#8221;4.24.1&#8243; _module_preset=&#8221;default&#8221; global_colors_info=&#8221;{}&#8221;][et_pb_image src=&#8221;http:\/\/grakon.com.pl\/web\/grakon\/wp-content\/uploads\/2024\/03\/Rectangle-947.png&#8221; alt=&#8221;Blond kobieta w jasnej koszuli i marynarce, za ni\u0105 wida\u0107 logo Grakon&#8221; title_text=&#8221;Rectangle 947&#8243; align=&#8221;center&#8221; _builder_version=&#8221;4.24.1&#8243; _module_preset=&#8221;default&#8221; global_colors_info=&#8221;{}&#8221;][\/et_pb_image][\/et_pb_column][et_pb_column type=&#8221;1_2&#8243; _builder_version=&#8221;4.24.1&#8243; _module_preset=&#8221;default&#8221; global_colors_info=&#8221;{}&#8221;][et_pb_image src=&#8221;http:\/\/grakon.com.pl\/web\/grakon\/wp-content\/uploads\/2024\/03\/Rectangle-948.png&#8221; alt=&#8221;Kobieta o br\u0105zowych w\u0142osach w marynarce i b\u0142\u0119kitnej koszuli. Za ni\u0105 wida\u0107 logo biura Grakon.&#8221; title_text=&#8221;Rectangle 948&#8243; align=&#8221;center&#8221; _builder_version=&#8221;4.24.1&#8243; _module_preset=&#8221;default&#8221; global_colors_info=&#8221;{}&#8221;][\/et_pb_image][\/et_pb_column][\/et_pb_row][\/et_pb_section][et_pb_section fb_built=&#8221;1&#8243; module_id=&#8221;wiecej&#8221; module_class=&#8221;gk_column_uneven_alt&#8221; _builder_version=&#8221;4.24.1&#8243; _module_preset=&#8221;default&#8221; background_image=&#8221;http:\/\/grakon.com.pl\/web\/grakon\/wp-content\/uploads\/2024\/03\/Group-2718.png&#8221; background_size=&#8221;initial&#8221; global_colors_info=&#8221;{}&#8221;][et_pb_row column_structure=&#8221;1_2,1_2&#8243; _builder_version=&#8221;4.24.1&#8243; _module_preset=&#8221;default&#8221; global_colors_info=&#8221;{}&#8221;][et_pb_column type=&#8221;1_2&#8243; _builder_version=&#8221;4.24.1&#8243; _module_preset=&#8221;default&#8221; global_colors_info=&#8221;{}&#8221;][et_pb_text _builder_version=&#8221;4.24.1&#8243; _module_preset=&#8221;default&#8221; text_font=&#8221;Lexend|700|||||||&#8221; text_text_color=&#8221;#150035&#8243; text_font_size=&#8221;70px&#8221; text_line_height=&#8221;90px&#8221; global_colors_info=&#8221;{}&#8221;]<\/p>\n<p>Z nami porozmawiasz<br \/>o finansach, podatkach, pogodzie i&#8230;<\/p>\n<p>[\/et_pb_text][\/et_pb_column][et_pb_column type=&#8221;1_2&#8243; _builder_version=&#8221;4.24.1&#8243; _module_preset=&#8221;default&#8221; global_colors_info=&#8221;{}&#8221;][et_pb_text _builder_version=&#8221;4.24.1&#8243; _module_preset=&#8221;default&#8221; text_text_color=&#8221;#150035&#8243; text_font_size=&#8221;24px&#8221; text_line_height=&#8221;30px&#8221; max_width=&#8221;500px&#8221; global_colors_info=&#8221;{}&#8221;]<\/p>\n<p>procesach optymalizacji w Twojej firmie. Wsp\u00f3\u0142praca z Klientami sprawia nam du\u017co satysfakcji. Ka\u017cdego dnia dbamy o skuteczn\u0105 komunikacj\u0119 i \u017cyczliw\u0105 atmosfer\u0119&#8230;<\/p>\n<p>[\/et_pb_text][\/et_pb_column][\/et_pb_row][et_pb_row column_structure=&#8221;1_2,1_2&#8243; _builder_version=&#8221;4.24.1&#8243; _module_preset=&#8221;default&#8221; global_colors_info=&#8221;{}&#8221;][et_pb_column type=&#8221;1_2&#8243; _builder_version=&#8221;4.24.1&#8243; _module_preset=&#8221;default&#8221; global_colors_info=&#8221;{}&#8221;][et_pb_text _builder_version=&#8221;4.24.1&#8243; _module_preset=&#8221;default&#8221; text_text_color=&#8221;#150035&#8243; text_font_size=&#8221;24px&#8221; text_line_height=&#8221;30px&#8221; max_width=&#8221;500px&#8221; global_colors_info=&#8221;{}&#8221;]<\/p>\n<p>Wszystko zacz\u0119\u0142o si\u0119, gdy 20 lat temu Gra\u017cyna Konieczna za\u0142o\u017cy\u0142a Grakon&#8230;. Z czasem do\u0142\u0105czy\u0142a Anita Heina, kt\u00f3ra obecnie przewodzi dzia\u0142aniom Biura. Z wieloma Klientami jeste\u015bmy ju\u017c trzeci\u0105 dekad\u0119. Wsp\u00f3lnie piszemy kolejne rozdzia\u0142y naszej firmy&#8230;<\/p>\n<p>[\/et_pb_text][\/et_pb_column][et_pb_column type=&#8221;1_2&#8243; _builder_version=&#8221;4.24.1&#8243; _module_preset=&#8221;default&#8221; global_colors_info=&#8221;{}&#8221;][et_pb_text _builder_version=&#8221;4.24.1&#8243; _module_preset=&#8221;default&#8221; text_font=&#8221;Lexend|700|||||||&#8221; text_text_color=&#8221;#150035&#8243; text_font_size=&#8221;70px&#8221; text_line_height=&#8221;90px&#8221; global_colors_info=&#8221;{}&#8221;]<\/p>\n<p>Z 20-letnim do\u015bwiadczeniem. \u2028Jeste\u015bmy rodzinn\u0105 firm\u0105 z tradycjami.<\/p>\n<p>[\/et_pb_text][\/et_pb_column][\/et_pb_row][\/et_pb_section][et_pb_section fb_built=&#8221;1&#8243; _builder_version=&#8221;4.24.1&#8243; _module_preset=&#8221;default&#8221; background_image=&#8221;http:\/\/grakon.com.pl\/web\/grakon\/wp-content\/uploads\/2024\/03\/Group-2719.png&#8221; custom_padding=&#8221;0px|||||&#8221; global_colors_info=&#8221;{}&#8221;][et_pb_row column_structure=&#8221;1_2,1_2&#8243; _builder_version=&#8221;4.24.1&#8243; _module_preset=&#8221;default&#8221; max_width=&#8221;1300px&#8221; global_colors_info=&#8221;{}&#8221;][et_pb_column type=&#8221;1_2&#8243; _builder_version=&#8221;4.24.1&#8243; _module_preset=&#8221;default&#8221; global_colors_info=&#8221;{}&#8221;][et_pb_image src=&#8221;http:\/\/grakon.com.pl\/web\/grakon\/wp-content\/uploads\/2024\/03\/Rectangle-951.png&#8221; alt=&#8221;Blond kobieta w jasnej koszuli i marynarce, za ni\u0105 wida\u0107 logo Grakon&#8221; title_text=&#8221;Rectangle 951&#8243; _builder_version=&#8221;4.24.1&#8243; _module_preset=&#8221;default&#8221; custom_margin=&#8221;-100px||||false|false&#8221; global_colors_info=&#8221;{}&#8221;][\/et_pb_image][\/et_pb_column][et_pb_column type=&#8221;1_2&#8243; _builder_version=&#8221;4.24.1&#8243; _module_preset=&#8221;default&#8221; global_colors_info=&#8221;{}&#8221;][et_pb_image src=&#8221;http:\/\/grakon.com.pl\/web\/grakon\/wp-content\/uploads\/2024\/03\/Group-2696.png&#8221; alt=&#8221;cudzys\u0142\u00f3w&#8221; title_text=&#8221;Group 2696&#8243; _builder_version=&#8221;4.24.1&#8243; _module_preset=&#8221;default&#8221; global_colors_info=&#8221;{}&#8221;][\/et_pb_image][et_pb_text _builder_version=&#8221;4.24.1&#8243; _module_preset=&#8221;default&#8221; text_text_color=&#8221;#150035&#8243; text_font_size=&#8221;24px&#8221; text_line_height=&#8221;30px&#8221; max_width=&#8221;560px&#8221; global_colors_info=&#8221;{}&#8221;]<\/p>\n<p>Nasi Klienci przychodz\u0105 do nas ze \u015bwietnymi pomys\u0142ami i wielkimi marzeniami. Od lat Biuro Rachunkowe Grakon wspiera wiele os\u00f3b i firm. Na co dzie\u0144 podejmujemy wszelkich stara\u0144, aby nasi Klienci osi\u0105gali sukces w biznesie, a ich marzenia sta\u0142y si\u0119 rzeczywisto\u015bci\u0105.<\/p>\n<p>[\/et_pb_text][et_pb_text _builder_version=&#8221;4.24.1&#8243; _module_preset=&#8221;default&#8221; text_font=&#8221;|700|||||||&#8221; text_text_color=&#8221;#150035&#8243; text_font_size=&#8221;24px&#8221; text_line_height=&#8221;30px&#8221; custom_css_free_form=&#8221;b {||  color: #6B6B6B;||}&#8221; global_colors_info=&#8221;{}&#8221;]<\/p>\n<p><b>Anita Heina<\/b>, w\u0142a\u015bcielka Grakon. Biuro Rachunkowe<\/p>\n<p>[\/et_pb_text][\/et_pb_column][\/et_pb_row][\/et_pb_section][et_pb_section fb_built=&#8221;1&#8243; module_class=&#8221;gk_opinie&#8221; _builder_version=&#8221;4.24.1&#8243; _module_preset=&#8221;default&#8221; background_enable_image=&#8221;off&#8221; background_size=&#8221;initial&#8221; background_position=&#8221;center_left&#8221; custom_margin=&#8221;||200px||false|false&#8221; hover_enabled=&#8221;0&#8243; global_colors_info=&#8221;{}&#8221; custom_margin__hover_enabled=&#8221;off|desktop&#8221; sticky_enabled=&#8221;0&#8243; custom_margin_last_edited=&#8221;on|tablet&#8221; custom_margin_phone=&#8221;||0px||false|false&#8221; custom_margin_tablet=&#8221;||0px||false|false&#8221;][et_pb_row _builder_version=&#8221;4.24.1&#8243; _module_preset=&#8221;default&#8221; global_colors_info=&#8221;{}&#8221;][et_pb_column type=&#8221;4_4&#8243; _builder_version=&#8221;4.24.1&#8243; _module_preset=&#8221;default&#8221; global_colors_info=&#8221;{}&#8221;][et_pb_text _builder_version=&#8221;4.24.1&#8243; _module_preset=&#8221;default&#8221; header_2_font=&#8221;|700|||||||&#8221; header_2_text_color=&#8221;#232233&#8243; header_2_font_size=&#8221;32px&#8221; header_2_line_height=&#8221;48px&#8221; text_orientation=&#8221;center&#8221; global_colors_info=&#8221;{}&#8221;]<\/p>\n<h2>Zaufa\u0142o nam wielu&#8230;<\/h2>\n<p>[\/et_pb_text][\/et_pb_column][\/et_pb_row][et_pb_row column_structure=&#8221;1_3,1_3,1_3&#8243; make_equal=&#8221;on&#8221; _builder_version=&#8221;4.24.1&#8243; _module_preset=&#8221;default&#8221; background_enable_image=&#8221;off&#8221; background_size=&#8221;initial&#8221; background_position=&#8221;center_left&#8221; global_colors_info=&#8221;{}&#8221;][et_pb_column type=&#8221;1_3&#8243; _builder_version=&#8221;4.24.1&#8243; _module_preset=&#8221;default&#8221; global_colors_info=&#8221;{}&#8221;][et_pb_text _builder_version=&#8221;4.24.1&#8243; _module_preset=&#8221;default&#8221; global_colors_info=&#8221;{}&#8221;]<\/p>\n<p>Jestem klientem firmy Grakon od lat. Jestem bardzo zadowolony ze wsp\u00f3\u0142pracy w\u0142a\u015bnie z t\u0105 firm\u0105. Pracuj\u0105 tam osoby, kt\u00f3re profesjonalnie podchodz\u0105 do powierzonych im zada\u0144. Rzetelnie i skrupulatnie prowadz\u0105 moj\u0105 ksi\u0119gowo\u015b\u0107. Nie musz\u0119 si\u0119 o nic martwi\u0107 \u2013 Panie z tej firmy robi\u0105 ca\u0142\u0105 robot\u0119 za mnie. Nale\u017cy nadmieni\u0107 o niezawy\u017conych honorariach za wykonan\u0105 fantastyczn\u0105 prac\u0119. Praktycznie wszystko dostaj\u0119 na przys\u0142owiowej tacy.<\/p>\n<p>[\/et_pb_text][et_pb_text _builder_version=&#8221;4.24.1&#8243; _module_preset=&#8221;default&#8221; global_colors_info=&#8221;{}&#8221;]<\/p>\n<p>Roman Wachowiak<\/p>\n<p>[\/et_pb_text][\/et_pb_column][et_pb_column type=&#8221;1_3&#8243; _builder_version=&#8221;4.24.1&#8243; _module_preset=&#8221;default&#8221; global_colors_info=&#8221;{}&#8221;][et_pb_text _builder_version=&#8221;4.24.1&#8243; _module_preset=&#8221;default&#8221; global_colors_info=&#8221;{}&#8221;]<\/p>\n<p>Z biurem rachunkowym Grakon wsp\u00f3\u0142pracuj\u0119 od ponad 9 lat. Powierzy\u0142em mu prowadzenie dokumentacji ksi\u0119gowej. Ceni\u0119 sobie fachowo\u015b\u0107 oraz terminowo\u015b\u0107 w wykonywaniu prac. Jestem wdzi\u0119czny za gotowo\u015b\u0107 do kontaktu i doradztwa na bie\u017c\u0105co w niejasnych dla mnie sytuacjach. Dzi\u0119kuj\u0119 za cierpliwo\u015b\u0107 i mi\u0142\u0105 atmosfer\u0119. \u2028Rekomenduj\u0119 biuro innym przedsi\u0119biorcom &#8211; r\u00f3wnie\u017c tym, kt\u00f3rzy dopiero zak\u0142adaj\u0105 dzia\u0142alno\u015b\u0107.<\/p>\n<p>[\/et_pb_text][et_pb_text _builder_version=&#8221;4.24.1&#8243; _module_preset=&#8221;default&#8221; global_colors_info=&#8221;{}&#8221;]<\/p>\n<p>Marcin Kasperkowicz<\/p>\n<p>[\/et_pb_text][\/et_pb_column][et_pb_column type=&#8221;1_3&#8243; _builder_version=&#8221;4.24.1&#8243; _module_preset=&#8221;default&#8221; global_colors_info=&#8221;{}&#8221;][et_pb_text _builder_version=&#8221;4.24.1&#8243; _module_preset=&#8221;default&#8221; global_colors_info=&#8221;{}&#8221;]<\/p>\n<p>Jako w\u0142a\u015bcicielka firmy \u201eKancelaria Radcy Prawnego Iwona Stasiak-Sroka\u201d, mam przyjemno\u015b\u0107 potwierdzi\u0107 wsp\u00f3\u0142prac\u0119 z Biurem Rachunkowym \u201eGRAKON\u201d, kt\u00f3re obs\u0142uguje moj\u0105 firm\u0119 w zakresie rachunkowo\u015bci, rozlicze\u0144 z Urz\u0119dem Skarbowym oraz ZUS. \u2028Pragn\u0119 wyrazi\u0107 uznanie dla Biura Rachunkowego GRAKON za profesjonaln\u0105 i solidn\u0105 obs\u0142ug\u0119 mojej firmy oraz za gotowo\u015b\u0107 pomocy w ka\u017cdej sytuacji. \u2028Z przyjemno\u015bci\u0105 pragn\u0119 zarekomendowa\u0107 us\u0142ugi \u015bwiadczone przez Biuro Rachunkowe GRAKON.<\/p>\n<p>[\/et_pb_text][et_pb_text _builder_version=&#8221;4.24.1&#8243; _module_preset=&#8221;default&#8221; global_colors_info=&#8221;{}&#8221;]<\/p>\n<p>Iwona Stasiak-Sroka<\/p>\n<p>[\/et_pb_text][\/et_pb_column][\/et_pb_row][et_pb_row column_structure=&#8221;1_3,1_3,1_3&#8243; make_equal=&#8221;on&#8221; _builder_version=&#8221;4.24.1&#8243; _module_preset=&#8221;default&#8221; global_colors_info=&#8221;{}&#8221;][et_pb_column type=&#8221;1_3&#8243; _builder_version=&#8221;4.24.1&#8243; _module_preset=&#8221;default&#8221; global_colors_info=&#8221;{}&#8221;][et_pb_text _builder_version=&#8221;4.24.1&#8243; _module_preset=&#8221;default&#8221; global_colors_info=&#8221;{}&#8221;]<\/p>\n<p>Dzi\u0119kuj\u0119 GRAKONowi za merytoryczn\u0105 i fantastycznie cierpliw\u0105 pomoc dla pocz\u0105tkuj\u0105cego przedsi\u0119biorcy. Pomimo mojego braku wiedzy uda\u0142o mi si\u0119 przebrn\u0105\u0107 such\u0105 stop\u0105 przez pierwszy burzliwy okres dzia\u0142alno\u015bci. Parokrotnie bez grama niech\u0119ci czy po\u015bpiechu Panie pomaga\u0142y mi przez telefon zrozumie\u0107 kwestie zwi\u0105zane obci\u0105\u017ceniami podatkowymi i obowi\u0105zkami mojej firmy wobec pa\u0144stwa. Bardzo polecam!<\/p>\n<p>[\/et_pb_text][et_pb_text _builder_version=&#8221;4.24.1&#8243; _module_preset=&#8221;default&#8221; global_colors_info=&#8221;{}&#8221;]<\/p>\n<p>Dawid W. Bartkowiak<\/p>\n<p>[\/et_pb_text][\/et_pb_column][et_pb_column type=&#8221;1_3&#8243; _builder_version=&#8221;4.24.1&#8243; _module_preset=&#8221;default&#8221; global_colors_info=&#8221;{}&#8221;][et_pb_text _builder_version=&#8221;4.24.1&#8243; _module_preset=&#8221;default&#8221; global_colors_info=&#8221;{}&#8221;]<\/p>\n<p>Szczerze mog\u0119 poleci\u0107 biuro Grakon wszystkim przedsi\u0119biorcom. Rzetelna i fachowa obs\u0142uga daj\u0105ca pewno\u015b\u0107, \u017ce \u015bwiadczone us\u0142ugi s\u0105 na wysokim poziomie.<\/p>\n<p>[\/et_pb_text][et_pb_text _builder_version=&#8221;4.24.1&#8243; _module_preset=&#8221;default&#8221; global_colors_info=&#8221;{}&#8221;]<\/p>\n<p>Piotr Szwech\u0142owicz<\/p>\n<p>[\/et_pb_text][\/et_pb_column][et_pb_column type=&#8221;1_3&#8243; _builder_version=&#8221;4.24.1&#8243; _module_preset=&#8221;default&#8221; global_colors_info=&#8221;{}&#8221;][et_pb_text _builder_version=&#8221;4.24.1&#8243; _module_preset=&#8221;default&#8221; global_colors_info=&#8221;{}&#8221;]<\/p>\n<p>Grakon to niew\u0105tpliwie synonim profesjonalizmu. Kadra s\u0142u\u017cy pomoc\u0105, jest zawsze dost\u0119pna i ca\u0142y czuwa nad wszystkimi aspektami ksi\u0119gowo\u015bci. Wsp\u00f3\u0142praca na najwy\u017cszym poziomie.<\/p>\n<p>[\/et_pb_text][et_pb_text _builder_version=&#8221;4.24.1&#8243; _module_preset=&#8221;default&#8221; global_colors_info=&#8221;{}&#8221;]<\/p>\n<p>Tomasz Be\u015bka-Szaller<\/p>\n<p>[\/et_pb_text][\/et_pb_column][\/et_pb_row][\/et_pb_section]<\/p>\n","protected":false},"excerpt":{"rendered":"<p>O nas 20 lat do\u015bwiadczeniaO nas &nbsp; Specjalizujemy si\u0119 w ksi\u0119gowo\u015bci, podatkach, kadrach i p\u0142acach. Wspieramy przedsi\u0119biorstwa poprzez us\u0142ugi rachunkowe i ksi\u0119gowe oraz kompleksow\u0105 obs\u0142ug\u0105 kadr i p\u0142ac. Dajemy wsparcie nowym firmom w stawianiu pierwszych krok\u00f3w w biznesie.Z nami porozmawiaszo finansach, podatkach, pogodzie i&#8230;procesach optymalizacji w Twojej firmie. Wsp\u00f3\u0142praca z Klientami sprawia nam du\u017co satysfakcji. [&hellip;]<\/p>\n","protected":false},"author":1,"featured_media":0,"parent":0,"menu_order":0,"comment_status":"closed","ping_status":"closed","template":"","meta":{"_et_pb_use_builder":"on","_et_pb_old_content":"","_et_gb_content_width":"","footnotes":""},"class_list":["post-290","page","type-page","status-publish","hentry"],"_links":{"self":[{"href":"http:\/\/grakon.com.pl\/web\/grakon\/wp-json\/wp\/v2\/pages\/290","targetHints":{"allow":["GET"]}}],"collection":[{"href":"http:\/\/grakon.com.pl\/web\/grakon\/wp-json\/wp\/v2\/pages"}],"about":[{"href":"http:\/\/grakon.com.pl\/web\/grakon\/wp-json\/wp\/v2\/types\/page"}],"author":[{"embeddable":true,"href":"http:\/\/grakon.com.pl\/web\/grakon\/wp-json\/wp\/v2\/users\/1"}],"replies":[{"embeddable":true,"href":"http:\/\/grakon.com.pl\/web\/grakon\/wp-json\/wp\/v2\/comments?post=290"}],"version-history":[{"count":17,"href":"http:\/\/grakon.com.pl\/web\/grakon\/wp-json\/wp\/v2\/pages\/290\/revisions"}],"predecessor-version":[{"id":393,"href":"http:\/\/grakon.com.pl\/web\/grakon\/wp-json\/wp\/v2\/pages\/290\/revisions\/393"}],"wp:attachment":[{"href":"http:\/\/grakon.com.pl\/web\/grakon\/wp-json\/wp\/v2\/media?parent=290"}],"curies":[{"name":"wp","href":"https:\/\/api.w.org\/{rel}","templated":true}]}}